the greatest common divisor of d and 6.
6
Let v = 340 + -34. Let g be (-46)/69 + (-208)/(-6). Calculate the greatest common divisor of v and g.
34
Suppose -21*v = -90 - 6 - 51. Calculate the greatest common factor of 707 and v.
7
Suppose y = -4*p + 3494, -3*y - y = 3*p - 14028. Calculate the greatest common divisor of 60 and y.
30
Let j = -31 - -31. Suppose j = r - 58 + 20. Let u = r - 20. Calculate the greatest common divisor of u and 90.
18
Let g = 11853 + -11665. Calculate the greatest common divisor of 7426 and g.
94
Let h = -6413 - -6733. What is the greatest common factor of h and 2304?
64
Let d(b) = -4*b**2 - 5*b + 25. Let k be d(-2). Calculate the greatest common divisor of k and 6707.
19
Let v = 125 + 86. Let d(i) = -31*i + 1. Let h be d(4). Let z = h + v. Calculate the greatest common divisor of z and 8.
8
Suppose -8*m + 131 + 637 = 0. What is the greatest common divisor of 108 and m?
12
Suppose -17 = -w - 4*q + 989, -w = 2*q - 1020. Calculate the highest common divisor of 1128 and w.
94
Let w(u) = -u**3 - 6*u**2 + 275. Let g be w(0). Suppose -16*i = -12*i - 44. Calculate the highest common factor of i and g.
11
Let d be (-4)/(-6)*-3 + 166. Let z be 3*-41*-2 - 0/(-91). What is the greatest common factor of d and z?
82
Let d be 1 + 3 + (168 - (21 - 13)). What is the greatest common divisor of 6068 and d?
164
Suppose 8*b = 1004 + 508. Let s be (960/28)/(4 - b/49). What is the highest common factor of s and 48?
48
Let q(b) = 6*b**3 + b**2. Let p be q(1). Let l(c) = -c**2 - 12*c - 12. Let t be l(7). Let k = t + 201. What is the greatest common factor of p and k?
7
Let t(j) = 5*j**2 + 10*j + 13. Suppose 5 + 17 = -2*q - 4*c, 0 = 4*c + 16. Let m be t(q). Calculate the highest common divisor of 91 and m.
7
Let k be 257/5 + -1 - 68/170. Let h be k/16 - (-2)/(-16) - 1. Suppose 50 - h = 4*r. What is the highest common divisor of r and 16?
4
Suppose -2*i + 4 = -14. Let s be (-426)/(-18) + (1 - (-2)/(-3)). Let a be 1 + -6 + s + (-2 - -1). Calculate the highest common factor of a and i.
9
Suppose -3*a + 14 + 69 = -5*f, 27 = a - 2*f. Suppose 5*j = 5*p - 35, 0 = -24*p + 22*p + j + 9. Calculate the greatest common factor of a and p.
1
Let z(c) = c**2 + 4*c - 5. Let k be z(4). Suppose -k*s + 21*s = 18. Let q be (-1)/s + (-57)/(-27)*15. Calculate the greatest common factor of q and 112.
16
Let l(u) = -u**2 + 17*u - 14. Let i be l(16). Let g be (-5)/((-30)/447) + i/(-4). Calculate the highest common divisor of 333 and g.
37
Suppose 839*g - 846*g + 5*w + 48104 = 0, 0 = -g + 3*w + 6856. What is the greatest common factor of 52 and g?
13
Suppose 8*i = 4*i + 16. Suppose -a = -2*g - 73, -i*a + 4*g - 97 = -5*a. Calculate the greatest common factor of 3 and a.
3
Suppose -6*n = -2*n - 52. Suppose 0 = -4*m - 4*g + 848, 2*m = -g - 813 + 1233. Calculate the highest common divisor of n and m.
13
Let z(o) = 110*o - 290. Let f be z(3). Suppose -3*x + 1000 = 2*x. What is the highest common factor of x and f?
40
Let d = 83 + -44. Suppose 0 = 83*q + 838*q + 111*q + 5*q - 40443. What is the greatest common divisor of d and q?
39
Suppose 40*w - 24*w - 26*w = -400. Let c be (10/(-8))/(1/(-40)). Calculate the greatest common divisor of w and c.
10
Let d = 24 + 16. Suppose 5*j - d + 5 = 0. Let q = 765 + -688. Calculate the highest common factor of j and q.
7
Suppose 2*w - 5*w + 2*n = -46, n + 17 = w. Suppose -j = 5*y + 18, -2*y + 2 = w. Suppose -10*h + j*h + 3 = 0. Calculate the greatest common factor of 8 and h.
1
Let q(c) = -c**3 - 8*c**2 - 3*c - 8. Suppose 7*p + 24 = 4*p. Let r be q(p). Calculate the greatest common divisor of r and 72.
8
Let p = -243 - -401. Let q = 320 - p. What is the greatest common divisor of 108 and q?
54
Let w(n) be the third derivative of 7*n**5/30 - 5*n**4/12 + 2*n**3/3 - 51*n**2. Let c be w(2). What is the highest common divisor of 20 and c?
20
Let s = 10945 + -5799. What is the highest common divisor of s and 62?
62
Suppose 40*g = -31*g - 72*g + 2116400. What is the highest common factor of g and 400?
400
Let v = -19 - -49. Let u(z) = -7 + 58*z**2 - z**3 - v*z**2 + 3*z - 24*z**2. Let m be u(4). What is the greatest common factor of m and 5?
5
Suppose -5686 - 207 = -71*u. What is the greatest common factor of 31374 and u?
83
Let n(y) = 14*y - 72. Let p be (-32)/(-18)*18/4. Let i be n(p). What is the highest common divisor of i and 120?
40
Let q be (1 + 0)*(1179/(-36))/(5/(-460)). Calculate the greatest common divisor of q and 393.
131
Suppose 3*u = -0*u - 48. Let s = u + 30. Calculate the greatest common factor of 98 and s.
14
Let x be (-1168)/(-12) - 10/(-15). Suppose -4*m + x = -126. Let w(t) = 6*t**2 - 6*t - 8. Let h be w(-2). Calculate the greatest common divisor of m and h.
28
Suppose 2*d + 266 - 848 = 0. Suppose -2*l + 169 + d = 0. Calculate the greatest common factor of l and 10.
10
Suppose 6*d = 55 - 49. Suppose -i = -4 + d, s = i + 1. Let a be (101 + -1)*2/s. Calculate the greatest common factor of a and 20.
10
Suppose 4*u = 5*s + 112, 2*s + 100 = -465*u + 469*u. Suppose -4*m + 365 + 371 = 0. What is the highest common factor of u and m?
23
Suppose -5*z = -u - 77, 6*z - 433 = 5*u + 5*z. Let h = u + 99. Let f be 20/4 + (2 + -4)/(-2). Calculate the greatest common divisor of h and f.
6
Let k(u) = u**3 + 5*u**2 - 23*u - 6. Let j be k(4). Calculate the highest common divisor of 184 and j.
46
Let q be 14 + 496/(-36) - 33664/(-144). Suppose -f - o - 1 = -37, f + 4*o - 36 = 0. Calculate the greatest common factor of f and q.
18
Let g(i) = -2*i**3 - 8*i**2 - 6*i + 30. Let k be g(-4). Calculate the highest common divisor of 4 and k.
2
Suppose 10*f + 6 = 46. Let d be (-137 + 11)/(((-6)/f)/3). Suppose -n = 2*n - d. Calculate the highest common factor of 12 and n.
12
Let m be 8/(-20) - 902/(-5). Suppose -4*r = 3*u - 15 - 31, -u = 3*r - 12. Calculate the greatest common factor of m and u.
18
Let r = -4483 - -4551. Calculate the highest common divisor of 1853 and r.
17
Let o(h) = -4*h + 10. Let i be o(-8). Let w(g) = g + 49. Let v be w(7). Calculate the greatest common divisor of v and i.
14
Let d(i) = 18*i**2 + 53*i + 7. Let j be d(-3). Calculate the highest common factor of j and 1490.
10
Suppose -56*s = 67*s - 1476. Calculate the highest common factor of 3432 and s.
12
Let i = 1809 - 1794. Let u(l) = -l**2 + 8*l - 1. Let h be u(10). Let d = h + 36. What is the greatest common factor of i and d?
15
Suppose -111*c + 122*c = 440. Suppose 4*t + t - 75 = 0. What is the greatest common divisor of c and t?
5
Let f be (-560)/(-336) + (-710)/(-6). Calculate the highest common divisor of f and 740.
20
Suppose -2 = -o - 0, 0 = 4*d + 2*o + 1220. Let a be ((-1)/(-3))/((-85)/d)*10. What is the highest common factor of 114 and a?
6
Suppose 4*p - 11*p = -6*p. Let x be -3 + (96 - p) - (1 + -4). Calculate the greatest common divisor of 108 and x.
12
Suppose 0 = 8*g - 10391 + 9327. Calculate the greatest common factor of g and 504.
7
Suppose 256*w = 234*w + 4092. What is the greatest common divisor of w and 534?
6
Let x = 2093 + -2057. Calculate the greatest common divisor of x and 372.
12
Let d(h) = -h**2 - 22*h + 11. Let u be -2*(221/(-2))/(-17). Let k be d(u). Calculate the greatest common divisor of 16 and k.
16
Let s(p) = -p**2 - 11*p + 51. Let l be s(-14). Let x be 313/5 - 6/(-15). What is the greatest common factor of x and l?
9
Suppose 78 + 25 = 2*r - 5*g, 5*r - 2*g - 184 = 0. What is the greatest common factor of r and 4573?
17
Let f be (-20)/8*(6 + -10). Suppose -167*l - 585 = -170*l. What is the highest common divisor of l and f?
5
Let o(b) = 1960*b**2 + b + 1. Let m be o(-1). Calculate the greatest common divisor of m and 8.
8
Let a = -3381 - -3722. Let v(n) = 5*n - 4. Let i be v(3). What is the highest common divisor of i and a?
11
Suppose 0 = q + z + 39, 3*q - 4*z = -141 + 10. Suppose -f - 5 = 4*f, -4*g + 4*f - 204 = 0. Let t = q - g. What is the highest common divisor of 99 and t?
11
Let d = -122681 - -122765. Let r(m) = 116*m - 2. Let x be r(4). Calculate the highest common factor of x and d.
42
Suppose -843 = 2*i - 5*r - 6724, 2*i - 5887 = -r. What is the greatest common factor of 15 and i?
3
Suppose x = 4*x + 4*v - 58, 0 = 5*x + 5*v - 95. Suppose -10*s = -x*s + 960. Calculate the greatest common divisor of 15 and s.
15
Let v be (48 + -4)*(-60)